se g + 29 = -0*g. Let c = g + 106. Let v be 2/(-4)*(-140)/10. What is the highest common divisor of c and v?
7
Let d = 1 - -4. Let o be 8 - (-1 + (1 - (-37)/(-1))). What is the highest common divisor of d and o?
5
Let g be (36/27)/((-2)/(-3)). Let x = 6 - g. Suppose -x = t - 52. What is the highest common factor of 6 and t?
6
Suppose 2*v + 93 + 17 = 5*s, -2*v - 88 = -4*s. Calculate the highest common divisor of 22 and s.
22
Let w be (-4)/(-22) + (-861)/77. Let y be (-6 - w)*(-2 - -6). Calculate the greatest common factor of 160 and y.
20
Suppose 5*s = 2*q + 8, -3*s = 2*s + 2*q - 12. Let l = 38 - 26. Calculate the highest common divisor of l and s.
2
Let n(f) = -f**3 + 3*f**2 - 4*f + 5. Let z be n(4). Let c be (-2)/9 - 276/z. What is the highest common factor of c and 110?
10
Let g(r) be the first derivative of -r**2 + 2*r + 15. Let x be g(-6). Calculate the highest common factor of x and 14.
14
Suppose -2*g - 15 - 33 = 0. Let u = 30 + g. Suppose 5*l - u*l = -12. What is the greatest common factor of l and 3?
3
Suppose -2*p + 14*i + 59 = 15*i, 17 = p - 2*i. What is the highest common divisor of p and 48?
3
Let i = -1 + 3. Let d be 0 + (i - 1) - -3. Suppose f = -f + d. What is the greatest common divisor of 10 and f?
2
Suppose q = -4*i + 12, -3*q = -3*i + 11 - 62. Suppose 1969 = q*y - 1567. What is the greatest common factor of y and 17?
17
Let x(a) = a**3 - 5*a**2 + 2*a - 6. Let n be x(6). Let t be 56/(-16)*(4 - 20). Calculate the greatest common factor of t and n.
14
Let q(l) = l**2 + 11*l - 18. Suppose 15 = -4*v + 3, w + 23 = -3*v. Let z be q(w). Calculate the greatest common divisor of z and 12.
12
Suppose -12 + 2 = -2*z. Let n = -57 + 61. Suppose -2*o + 3*a = -n*o + 1, -o = z*a + 17. Calculate the highest common divisor of o and 2.
2
Suppose 5*x - 236 = 2*m, -3*m = -2 - 4. Let f be (105/(-60))/((-2)/x). What is the greatest common divisor of f and 14?
14
Let x be (-1 + (-1)/2)*48/(-12). Suppose -x*i + 32 = -28. What is the highest common divisor of i and 50?
10
Let c(x) = -x**3 - 21*x**2 - 21*x - 27. Let a be c(-21). What is the greatest common divisor of a and 23?
23
Let m = 332 + -306. Calculate the greatest common factor of m and 39.
13
Suppose -28 = -a + 4*k, 2*a - 135 = -5*k - 27. Suppose 0 = h + 2*h - 21. Let v = 29 - h. Calculate the highest common factor of v and a.
22
Suppose -5*v + 5097 = 2*c, c - 19*v = -24*v + 2541. What is the highest common divisor of 12 and c?
12
Let b = -631 + 1117. Let v = -279 + b. What is the greatest common factor of v and 23?
23
Let a = -15 - -17. Suppose -3 = -a*r - 5*d + 8, 0 = 2*r - 5*d - 61. Suppose 0*y - 90 = -2*y. What is the highest common divisor of y and r?
9
Suppose -3 = -3*g - n - 2*n, n = 4*g - 29. Let j(p) = -5*p - 14. Let l be j(-7). Calculate the highest common divisor of g and l.
3
Let y(c) = 9*c**2 - 74*c + 22. Let a be y(8). Suppose 0*p + 4*p - 8 = 0. Calculate the greatest common factor of p and a.
2
Let b be (-1)/4 + 27192/96. Suppose -s - 12 = -4*s. Suppose -4*a + 8*a = 4*r + 268, r + b = s*a. Calculate the greatest common divisor of a and 18.
18
Let b be (0 + 3)/((-6)/(-8)). Let x = 11 - 7. Let s(r) = r**3 - 4*r**2 + 2*r + 8. Let d be s(x). What is the greatest common divisor of d and b?
4
Let n(l) = 3*l. Let x be n(5). Let w = x + -4. Let q(r) = 43*r + 1. Let f be q(1). What is the greatest common factor of w and f?
11
Let h(g) = 2 - 5*g + 7 + 9*g**2 - 4*g + g**2 - g**3. Let t be h(8). Calculate the highest common factor of t and 13.
13
Suppose 3*q = 3*f - 9, 0*f = f - 2*q - 3. Let s(n) = -9*n + 33. Let a be s(2). What is the greatest common divisor of a and f?
3
Let y be 6/(-21) - (-450)/7. Suppose 4 = -3*u - 17. Let j be -6 - u - (2 - 9). Calculate the highest common divisor of j and y.
8
Let q be (-220)/(-14) - 10/(-35). Suppose -5*o - 336 = 4*h - 10*o, 4*o - q = 0. Let t = h - -121. Calculate the greatest common factor of t and 28.
14
Let o be 272/14 - (-180)/315. What is the highest common factor of 15 and o?
5
Suppose -u + 15 = -w, 0 = -u - 2*w - w + 27. What is the highest common factor of u and 66?
6
Suppose 0*v + 196 = -4*v. Let x be v/(-2) + 2/4. Suppose 4*p - x = 5*u + 48, 0 = 4*p - u - 53. What is the greatest common divisor of p and 36?
12
Let k = 0 + 1. Suppose 3*g + 2*m = 110, 3*g - 2*m - 107 = -k. Suppose 44*y - 207 - 189 = 0. Calculate the greatest common factor of y and g.
9
Let x(h) = -136*h + 150. Let b be x(1). What is the greatest common factor of b and 483?
7
Suppose 6 = -3*c + 2*v, 0 = -4*c - 5*v + 17 - 2. Suppose -h = -c*h - 5. Calculate the highest common factor of 2 and h.
1
Let m = -60 - -63. Suppose 5*p = -m*u + 45, p + 7 = 3*p - u. What is the highest common factor of 2 and p?
2
Let j = -79 + 86. What is the highest common factor of j and 217?
7
Suppose -2*w - w + 30 = 0. Suppose -5*c - 70 = -2*j, -428*c + 426*c = 2*j - 112. What is the highest common factor of w and j?
10
Suppose 10*g + 2 = 8*g. Let d = 19 - 17. Let b be -3 + g/d*-14. Calculate the greatest common factor of 2 and b.
2
Let a(p) = -31*p - 1. Let v be a(-1). Let k be (-6005)/(-50) + (-10)/100. What is the greatest common divisor of k and v?
30
Suppose -3*o + 452 = 6*s - 10*s, 3*o + s = 427. Calculate the highest common divisor of 336 and o.
48
Suppose -7*z + 19*z = 1176. What is the greatest common factor of 245 and z?
49
Suppose o = -7*i + 3*i - 8, 0 = -2*o + i - 7. Let l(g) = g + 6. Let u be l(o). Suppose -d = d - u. What is the highest common factor of 8 and d?
1
Let r = 149 - 104. Suppose 0 = 2*y - 4*b - 30, -5*y + 5*b = b - r. Suppose -f = -0*f + y*p - 62, -p + 214 = 5*f. What is the highest common divisor of 6 and f?
6
Let z(o) = o**3 + 19*o**2 + 9*o - 25. Let m be z(-18). Let r = m - 60. What is the highest common factor of r and 11?
11
Suppose 0 = -5*d - q + 257, 87 = 3*d - 2*q - 75. Let y(z) = 6*z**2 + 3*z - 5. Let o be y(-5). Calculate the greatest common factor of d and o.
26
Suppose -365*y - 99 = -366*y. Calculate the greatest common factor of 11 and y.
11
Let p be 4 + (-3)/9*-228. What is the greatest common divisor of p and 848?
16
Let a = 553 - 445. Suppose 0 = 2*p + 5*j - 29, 0 = -p - p - 2*j + 26. Calculate the highest common factor of a and p.
12
Let x = -207 - -297. Let k = 75 - 66. Calculate the highest common factor of x and k.
9
Suppose -5*j + 15 = 5*v, 0 = -5*j + 4*j - 2*v + 2. Suppose -j*r + 17 - 5 = 4*g, 0 = 5*g - 2*r - 43. Calculate the highest common factor of 77 and g.
7
Suppose 9*r + 360 = 39*r. What is the greatest common divisor of r and 9?
3
Let u(n) = n**3 - 17*n**2 - 123*n + 30. Let t be u(23). Calculate the highest common divisor of t and 150.
75
Let d(w) = 4*w**2 + 25*w + 12. Let n be d(-10). Suppose 4*v = 2*x + n, 6*v + 4*x = v + 196. Calculate the greatest common divisor of 8 and v.
8
Let p(h) be the third derivative of -h**4/24 + 2*h**3/3 + 2*h**2. Let j be p(4). Let y = 6 - j. Calculate the greatest common divisor of y and 42.
6
Let s(d) = d**3 - 6*d**2 - 19*d + 9. Let r be s(8). Let g(q) = q**3 + 16*q**2 + 9*q - 10. Let a be g(r). Calculate the highest common divisor of a and 32.
16
Let w(c) = -c**3 - 9*c**2 - 9*c - 9. Let b be w(-6). Let t = b + 79. Let d = -64 - -96. What is the greatest common factor of t and d?
16
Suppose -239 = 3*j - 11. Let y be j/(2 + -3) + -1. What is the highest common divisor of y and 30?
15
Let p(i) = -i**3 + 7*i**2 - 7*i + 7. Let v be p(7). Let g be (-6)/(-2)*(-14)/v. Let k be (11 + -8)/(g/5). What is the greatest common divisor of k and 60?
15
Let f be (-7)/2*2/(-1). Suppose 15 = f*p - 2*p. Suppose 4*r = r + p*w + 39, 5*r - 3*w - 55 = 0. Calculate the greatest common factor of r and 8.
8
Suppose 12*p - 1035 = 9*p. Suppose -p = -f + 4*x, f + 3*f + 3*x - 1361 = 0. Calculate the greatest common factor of f and 31.
31
Let k = -278 - -395. What is the highest common divisor of k and 26?
13
Suppose -5*i + 3*i + 8 = 0. Suppose -s + i + 3 = 0. Let p = s + 20. Calculate the highest common factor of 243 and p.
27
Let h(v) = -34*v - 102. Let l be h(-14). What is the highest common factor of l and 34?
34
Suppose 0 = 6*a - a - 10. Let b(k) = k + k**a - 2 - 12*k**3 - 3*k - 35*k**3. Let r be b(-1). Calculate the greatest common divisor of 72 and r.
24
Let z = 129 - 67. Let j(t) = t**2 + 17*t - 13. Let g be j(7). What is the hi